 8. Determine v(s).
1
Let a(v) = 23*v + 25*v - 79*v - 3*v**2 - 9 + 22*v + 23*v. Determine a(5).
-14
Let k(b) be the third derivative of -b**6/120 - b**5/60 + b**4/24 + 2*b**3 + 2*b**2. Let j = -56 - -55. Let q(m) = -m - 1. Let a be q(j). Give k(a).
12
Let o(h) = h**2 - 17*h - 32. Suppose 31*j - 382 = 207. Determine o(j).
6
Let w(k) = -1 + 0*k + k - 5*k + 2. Calculate w(-2).
9
Let c(o) = -26*o**2 - 1. Suppose 108 - 20 = 11*z. Suppose -z*m + 9 = -3*m + 4*x, -m = 4*x - 5. Give c(m).
-27
Let p(l) = l + 1. Suppose -7 - 22 = -4*k - g, -3*k = g - 23. Let w be (-3 + k/4)*2. Calculate p(w).
-2
Suppose -l = 4*f, -f = -2 + 4. Let h = l - 1. Let q(g) = -1 + h*g - g - 7*g. Give q(1).
-2
Let a(z) = -2*z**2. Let d be ((-16)/(-20))/(1/30*3). Suppose -12*o = -d - 4. Give a(o).
-2
Let k(z) = z**2 - 9*z + 1. Let m be (-3)/(-9) - (-4 + 8/(-3)). Determine k(m).
-13
Let t(r) = -2*r + 21. Let h be t(9). Let o(l) be the second derivative of -1/3*l**h + 3*l + 5/2*l**2 + 0. Calculate o(4).
-3
Let s(r) be the first derivative of -r**6/90 - r**4/24 + 16*r**3/3 - 16. Let p(f) be the third derivative of s(f). Give p(1).
-5
Let g be (4/5)/(4/10). Let q(c) = 2*c + 4. Let z(d) = 3*d + 5. Let y(p) = 6*q(p) - 5*z(p). Calculate y(g).
-7
Let p = 0 + 10. Let a = p - 6. Let j(s) = 7*s**2 - 3*s**3 + 4*s + a*s**3 - 2*s**2 + 2 + 1. Determine j(-4).
3
Let t(n) = 0*n + 3*n**2 + 9 - 28*n**3 + 29*n**3 - 7*n + 2*n + 3*n**2. Give t(-7).
-5
Suppose r + 58 = -5*d, 42 = -5*d + 4*r - 26. Let c be 2 + -6 - d/3. Let f(o) be the second derivative of o**4/12 - o**3/6 - 9*o**2/2 + o. What is f(c)?
-9
Let j(u) = -u**3 - u**2 - u + 5. Let p(v) = 2*v - 4. Let n be p(3). Suppose 2*o + 4*h = 1 + 7, n = -2*o + h. Suppose 0 = -s - o*s. What is j(s)?
5
Let p(j) = -j**2 - j + 3. Let s be p(0). Let v be (0 - s - -2)/(-1). Let h(t) be the first derivative of 5*t**3 - t - 4. Give h(v).
14
Let o(f) = f - 11. Suppose -17*y - 389 = -559. Calculate o(y).
-1
Let m(u) = -u**3 - 5*u**2 - 11*u - 19. Let t be m(-4). Let n(y) = y**2 - 10*y + 11. What is n(t)?
2
Let m(f) = -39*f**2 + 3*f - 38*f**2 - 43*f**2 + 125*f**2 + 19 - f**3. Determine m(6).
1
Let h = 80 + -75. Let x(l) = -h*l**2 + 6 + 0*l**2 - 7 + l**3 - 7*l. Calculate x(6).
-7
Let l = -10 + 15. Let a(o) = -4*o**2 - 252*o + 248*o - 2 + o**3 + 6. Determine a(l).
9
Let w(l) = -l**2 + 15*l - 16. Suppose 245*d = 263*d - 252. Calculate w(d).
-2
Let m(y) be the third derivative of -1/6*y**4 + 1/6*y**3 + 12*y**2 + 0*y - 1/30*y**5 + 0. Calculate m(-4).
-15
Let w(g) be the first derivative of g**4/4 + 10*g**3/3 + 4*g**2 - 8*g + 16. Let c(l) = 2*l**3 + 21*l**2 + 16*l - 16. Let b(d) = -2*c(d) + 5*w(d). Give b(-7).
-15
Let m = -10 - -12. Suppose -2*h + m = -0*h, 4*n - 149 = -5*h. Let b be (2/3)/((-8)/n). Let k(p) = -p**2 - 2*p. Give k(b).
-3
Let h(i) = 9*i + 1. Let y(r) = -r. Let j(a) = -a**3 + 10*a**2 - 10*a + 8. Let s be j(9). Let k(p) = s*h(p) - 2*y(p). Give k(1).
-8
Suppose -36 = 25*c - 136. Let x(w) be the second derivative of 1/20*w**5 + 0 + w**2 + 5*w - 5/12*w**c + 1/6*w**3. What is x(4)?
-10
Let m(c) = 6*c**3 - 8*c**3 - c**3 + c**2. Let j be 3/(-6)*6 + 1. Let w be (-12)/(-8) + j/4. Determine m(w).
-2
Let m(d) = -5*d - 187. Let o be m(-39). Let t be 5*(6 - 3)/3. Let z(y) = -6*y + t*y + 2 + 2. Calculate z(o).
-4
Let n(g) = -g - g**2 + 0 + 2*g - 1. Let h = 68 - 28. Let p = -39 + h. What is n(p)?
-1
Let p = 4119/2 - 2059. Let j(r) be the first derivative of -p*r**2 + 0*r + 12. What is j(-2)?
2
Suppose 3*i + 5 = -1, p = 3*i + 11. Let r(x) = -x**3 - 5 + 8*x - 12*x + 0*x**2 + p*x**2 + x**2. What is r(5)?
0
Let r = 188 - 178. Let m(w) = -w**2 + 12*w - 1. Give m(r).
19
Suppose -15*d + 11*d = 0. Let z(c) = -c**2 + 11. Calculate z(d).
11
Suppose -3*x - 4*s = -20 - 10, -5*x = -s - 50. Let k = -19 - -21. Let y(m) = -1 + 2*m + 3*m**k + 6*m**2 - x*m**2 - 4*m + 4*m**3. Calculate y(-1).
-4
Let l = -39 + 46. Let o(b) = 3*b**2 - 2 - b**3 - 2*b - l*b**2 + 3*b + 3. Give o(-4).
-3
Let l(v) be the second derivative of -v**5/20 + 5*v**4/12 - v**3/6 + 3*v**2/2 - 621*v. What is l(5)?
-2
Let n(q) = 26*q + 8. Let v(w) = 8*w + 3. Let s(t) = -3*n(t) + 8*v(t). Calculate s(-1).
14
Let c(g) be the second derivative of g**5/20 + 5*g**4/12 + 2*g**2 - g. Let k = -13 + 20. Suppose 4*r + k = -13. Give c(r).
4
Let p(a) = 6 + 0 - 5*a**2 - 5*a + 4*a**2 - 11. Suppose -s + 2*s = -6. What is p(s)?
-11
Suppose 2*k - 10 = 3*u - 1, -18 = 3*u - 5*k. Let n be (-8)/(-52) - (-876)/52. Let o(m) = -17 - m**2 + n. What is o(u)?
-1
Let j(x) = x - 3. Let p(w) = -3*w + 7. Suppose 6 - 2 = c, -h - 18 = -5*c. Let z(v) = h*p(v) + 5*j(v). Suppose 4*o + 0 = -20. What is z(o)?
4
Let o(i) = -8*i - 16. Suppose -v - 10 = 4*q, -14 - 6 = 6*q + 4*v. Determine o(q).
0
Let c(b) = -b + 2. Suppose 0 = 3*v - 3*m + 9 + 9, -3*m + 3 = 2*v. Give c(v).
5
Let f(m) = -7*m**3 + 2*m**2 + 2*m + 1. Let o(x) = -5*x + 7. Let b be o(5). Let t = b - -17. Give f(t).
8
Let q(p) = -p**3 + 4*p**2 + 3*p + 6. Let d(m) = 1. Let y(u) = -8*u - 80. Let x(v) = -3*d(v) - y(v). Let z be x(-9). Give q(z).
-4
Let v(l) be the second derivative of -l**5/20 - 5*l**4/12 - l**3/2 + 3*l**2/2 - l - 121. Determine v(-5).
18
Let x(q) be the second derivative of -1/20*q**5 + 0*q**2 - 29*q + 1/6*q**4 + 0 + 0*q**3. Calculate x(1).
1
Let i(l) be the third derivative of l**6/120 - l**5/6 + l**4/2 - 7*l**3/6 + 25*l**2 - 4*l. Give i(9).
20
Suppose 44 - 62 = -6*h. Let l(w) = -w - 1. Calculate l(h).
-4
Suppose 0 = 11*g + 14 - 3. Let j(d) = -20*d. Determine j(g).
20
Let i(f) be the second derivative of -f**5/20 + f**4/6 - f**3/6 + 80*f. Calculate i(3).
-12
Let y(v) = v**3 + 7*v**2 - 11*v - 9. Suppose 18*g + 192 = -6*g. Calculate y(g).
15
Let o(c) = 5*c**2 - 3*c + 2 + 10*c**2 - 14*c**2. Let k be 2*-1 - (1 + -5). Calculate o(k).
0
Let z(c) be the third derivative of -c**4/12 + c**3/2 - 34*c**2 + 1. Give z(-5).
13
Let y(o) = 7*o**2 - o - 7. Let p(i) = 11*i**2 - 6*i - 7. Let l(v) = 11*v**2 - 5*v - 8. Let f(g) = 4*l(g) - 3*p(g). Let q(m) = -5*f(m) + 8*y(m). What is q(-3)?
2
Suppose 2*k + 8 = 4*k. Let v(c) = -43*c**2 + c - 42*c**2 + 6 + 84*c**2 - 2. Calculate v(k).
-8
Let u(w) = -w**3 - 6*w**2 - w - 5. Suppose 0 = -g - 11 - 1. Let r = 6 + g. Give u(r).
1
Let y(a) = -a**2 - 11*a - 8. Let r(j) = -j**2 - 7*j - 22. Let v be r(-4). What is y(v)?
2
Let i(f) = -f**3 + f**2 + 9*f - 7. Let n(b) = -b**3 + b**2 + 8*b - 6. Let r(l) = -6*i(l) + 7*n(l). Suppose -12 = 4*s - 24. What is r(s)?
-12
Let g be (-48)/32*(-2)/(-3). Let b(f) be the second derivative of 2*f**3/3 + f**2/2 + 7*f. Calculate b(g).
-3
Suppose 5*m + 21 = -14. Let t(a) = -a + 1. Let o(k) = -6*k - 3*k - 5*k**2 + 4*k**2 + 7. Let z(l) = -o(l) + 3*t(l). What is z(m)?
3
Let p(y) = -3*y. Suppose 4*k - 16 = 4*b, b = 6*b + k - 10. Determine p(b).
-3
Suppose -50 + 15 = -35*w. Let b(f) = -14*f**3 - f**2 + f. Determine b(w).
-14
Let p(m) = -m**2 + 2*m - 1. Let j(o) be the second derivative of -o**4/12 + o**3/6 + o**2 - 4*o. Let t be j(0). Give p(t).
-1
Let f(j) be the first derivative of j**2/2 + 13*j + 18. Determine f(-11).
2
Let t be 0/((-4)/1)*(-4)/8. Let r(l) = -2*l - 3 - 2 - l**2 + 2*l. Give r(t).
-5
Let k(f) = -2*f**2 + f - 1 + f**2 + 5*f + 2*f + 0*f**2. Calculate k(6).
11
Let m be (195/45 - 5)/(4/102). Let h(l) = l**2 + 18*l + 17. Determine h(m).
0
Let j(b) be the first derivative of -b**3/3 + 2*b - 24. Give j(-2).
-2
Let h be 3 + (-3 - -3)/(-4) - 10. Let q = -8 - h. Let k(i) = -2*i + 1. Calculate k(q).
3
Suppose 5*p + 34 = 3*o, 13 = -p + 8. Let q(n) = -n**3 + 2*n**2 + 5*n - 4. What is q(o)?
2
Let a = -82 + 87. Let g(x) = 12 - a - 6*x**2 + x**3 + 184*x - 194*x. Calculate g(7).
-14
Let s(n) = n**3 + 8*n**2 - 56*n - 361. Let k be s(-10). Let y(t) = 0 - 2*t - 3*t**3 - 3 + 2. Calculate y(k).
4
Suppose -b + o + 0 = -5, b + o + 1 = 0. Let i be 26/4*4/b. Let h(a) = 4*a + 8 + 7*a + a - i*a. Determine h(7).
1
Let p(l) = -l + 1. Let m(g) = -2*g + 9. Suppose 4*t - 2*t + 4*d + 10 = 0, 2*t = -2*d - 8. Let h(n) = t*p(n) + m(n). What is h(-6)?
0
Let m(j) = -j**2 + 5*j - 4. Let p be m(4). Suppose q = w - 0*w - 1, p = -2*q + 10. Let b(d) = d - 12. What is b(w)?
-6
Suppose 15 + 5 = 5*b. Let a(q) = 2 - 3*q + 5*q**2 + 0*q**3 + 0*q**3 + q**3 - b*q. Determine a(-6).
8
Let f(a) = -a**3 + 6*a**2 - 5*a + 4. Let l be (30/9)/((-10)/(-225)). Suppose -l = -u - 14*u. What i